is divided by 23?
13
What is the remainder when 529 is divided by 510?
19
What is the remainder when 148 is divided by 5?
3
What is the remainder when 1183 is divided by 32?
31
Calculate the remainder when 836 is divided by 8.
4
Calculate the remainder when 602 is divided by 46.
4
What is the remainder when 5738 is divided by 185?
3
Calculate the remainder when 40 is divided by 13.
1
Calculate the remainder when 710 is divided by 264.
182
What is the remainder when 2399 is divided by 25?
24
Calculate the remainder when 2158 is divided by 46.
42
What is the remainder when 10148 is divided by 47?
43
What is the remainder when 96 is divided by 36?
24
Calculate the remainder when 69 is divided by 8.
5
Calculate the remainder when 97 is divided by 22.
9
What is the remainder when 227 is divided by 63?
38
What is the remainder when 257 is divided by 23?
4
Calculate the remainder when 49 is divided by 33.
16
What is the remainder when 132 is divided by 65?
2
Calculate the remainder when 268 is divided by 69.
61
Calculate the remainder when 158 is divided by 23.
20
Calculate the remainder when 38 is divided by 15.
8
What is the remainder when 847 is divided by 31?
10
Calculate the remainder when 1799 is divided by 120.
119
Calculate the remainder when 1588 is divided by 39.
28
What is the remainder when 79 is divided by 56?
23
What is the remainder when 40 is divided by 7?
5
What is the remainder when 1075 is divided by 528?
19
Calculate the remainder when 1580 is divided by 33.
29
What is the remainder when 24 is divided by 10?
4
What is the remainder when 1797 is divided by 29?
28
Calculate the remainder when 149 is divided by 87.
62
Calculate the remainder when 122 is divided by 26.
18
What is the remainder when 643 is divided by 46?
45
Calculate the remainder when 3199 is divided by 33.
31
What is the remainder when 1167 is divided by 9?
6
Calculate the remainder when 141 is divided by 78.
63
What is the remainder when 193 is divided by 67?
59
Calculate the remainder when 1707 is divided by 38.
35
What is the remainder when 1243 is divided by 41?
13
What is the remainder when 2847 is divided by 15?
12
Calculate the remainder when 224 is divided by 27.
8
Calculate the remainder when 320 is divided by 19.
16
Calculate the remainder when 276 is divided by 56.
52
Calculate the remainder when 338 is divided by 153.
32
What is the remainder when 162 is divided by 156?
6
What is the remainder when 226 is divided by 106?
14
What is the remainder when 238 is divided by 27?
22
Calculate the remainder when 9 is divided by 6.
3
What is the remainder when 550 is divided by 56?
46
What is the remainder when 573 is divided by 6?
3
Calculate the remainder when 303 is divided by 9.
6
Calculate the remainder when 175 is divided by 70.
35
Calculate the remainder when 25 is divided by 24.
1
What is the remainder when 2010 is divided by 46?
32
Calculate the remainder when 286 is divided by 39.
13
What is the remainder when 208 is divided by 43?
36
What is the remainder when 1154 is divided by 168?
146
Calculate the remainder when 45 is divided by 30.
15
Calculate the remainder when 3473 is divided by 25.
23
Calculate the remainder when 258 is divided by 81.
15
What is the remainder when 605 is divided by 87?
83
Calculate the remainder when 286 is divided by 17.
14
What is the remainder when 22510 is divided by 16?
14
What is the remainder when 410 is divided by 78?
20
Calculate the remainder when 38 is divided by 8.
6
What is the remainder when 88 is divided by 75?
13
Calculate the remainder when 686 is divided by 6.
2
Calculate the remainder when 8179 is divided by 23.
14
Calculate the remainder when 650 is divided by 632.
18
What is the remainder when 159 is divided by 41?
36
Calculate the remainder when 65 is divided by 43.
22
What is the remainder when 1980 is divided by 83?
71
What is the remainder when 176 is divided by 21?
8
Calculate the remainder when 54 is divided by 21.
12
Calculate the remainder when 242 is divided by 195.
47
What is the remainder when 214 is divided by 120?
94
Calculate the remainder when 255 is divided by 137.
118
Calculate the remainder when 4114 is divided by 96.
82
What is the remainder when 145 is divided by 49?
47
What is the remainder when 3628 is divided by 191?
190
What is the remainder when 186 is divided by 51?
33
Calculate the remainder when 63 is divided by 20.
3
What is the remainder when 1328 is divided by 48?
32
Calculate the remainder when 1548 is divided by 194.
190
What is the remainder when 580 is divided by 7?
6
Calculate the remainder when 158 is divided by 1.
0
Calculate the remainder when 168 is divided by 44.
36
Calculate the remainder when 958 is divided by 318.
4
What is the remainder when 227 is divided by 33?
29
What is the remainder when 14147 is divided by 4708?
23
Calculate the remainder when 897 is divided by 155.
122
What is the remainder when 1561 is divided by 131?
120
What is the remainder when 755 is divided by 363?
29
Calculate the remainder when 83 is divided by 41.
1
What is the remainder when 1230 is divided by 39?
21
What is the remainder when 3147 is divided by 45?
42
Calculate the remainder when 26069 is divided by 110.
109
What is the remainder when 306 is divided by 157?
149
Calculate the remainder when 120 is divided by 46.
28
Calculate the remainder when 201 is divided by 12.
9
Calculate the remainder when 793 is divided by 20.
13
What is the remainder when 317 is divided by 14?
9
What is the remainder when 983 is divided by 24?
23
What is the remainder when 218 is divided by 102?
14
What is the remainder when 70 is divided by 48?
22
What is the remainder when 5546 is divided by 14?
2
What is the remainder when 1571 is divided by 34?
7
What is the remainder when 134 is divided by 25?
9
Calculate the remainder when 123 is divided by 115.
8
Calculate the remainder when 247 is divided by 99.
49
Calculate the remainder when 1114 is divided by 56.
50
Calculate the remainder when 323 is divided by 162.
161
What is the remainder when 371 is divided by 171?
29
Calculate the remainder when 137 is divided by 12.
5
Calculate the remainder when 38 is divided by 3.
2
Calculate the remainder when 181 is divided by 64.
53
Calculate the remainder when 5969 is divided by 72.
65
What is the remainder when 156 is divided by 2?
0
What is the remainder when 3602 is divided by 8?
2
Calculate the remainder when 177 is divided by 26.
21
What is the remainder when 814 is divided by 215?
169
What is the remainder when 264 is divided by 90?
84
Calculate the remainder when 114 is divided by 39.
36
What is the remainder when 254 is divided by 12?
2
What is the remainder when 3558 is divided by 6?
0
What is the remainder when 1105 is divided by 41?
39
What is the remainder when 147 is divided by 131?
16
Calculate the remainder when 352 is divided by 94.
70
Calculate the remainder when 118 is divided by 25.
18
Calculate the remainder when 127 is divided by 22.
17
Calculate the remainder when 288 is divided by 41.
1
Calculate the remainder when 1470 is divided by 91.
14
What is the remainder when 64 is divided by 23?
18
What is the remainder when 484 is divided by 81?
79
What is the remainder when 20791 is divided by 25?
16
What is the remainder when 2709 is divided by 179?
24
What is the remainder when 388 is divided by 15?
13
What is the remainder when 3298 is divided by 66?
64
What is the remainder when 250 is divided by 124?
2
Calculate the remainder when 1646 is divided by 166.
152
What is the remainder when 316 is divided by 51?
10
Calculate the remainder when 804 is divided by 45.
39
Calculate the remainder when 363 is divided by 24.
3
What is the remainder when 2300 is divided by 193?
177
Calculate the remainder when 239 is divided by 38.
11
What is the remainder when 36 is divided by 14?
8
Calculate the remainder when 458 is divided by 58.
52
What is the remainder when 930 is divided by 45?
30
What is the remainder when 380 is divided by 132?
116
What is the remainder when 199 is divided by 40?
39
What is the remainder when 80092 is divided by 193?
190
Calculate the remainder when 141 is divided by 25.
16
Calculate the remainder when 524 is divided by 195.
134
Calculate the remainder when 4461 is divided by 